v) - 3*s(v). Let l be z(6). What is the highest common factor of l and 15?
15
Let g be (8/(-3))/((-4)/6). Calculate the greatest common factor of 28 and g.
4
Let w(r) = -6 + 1 - 5*r**2 + 4*r - 2 - r**3. Let o be w(-6). Suppose -g = -o*g + 264. Calculate the highest common factor of g and 11.
11
Let l be -1*(60 - -1) + 1. Let y be (-21)/(-6)*l/(-35). What is the highest common divisor of y and 2?
2
Suppose 0 = -6*m + 2*m. Let u be -1 + 1 + m - -27. What is the highest common factor of 3 and u?
3
Suppose j + 99 = 2*j. What is the highest common divisor of 66 and j?
33
Let u be (-2)/11 + (-5103)/(-297). Calculate the highest common factor of u and 51.
17
Let t(n) = n - 20. Let r be t(13). Let j = r + 169. What is the greatest common divisor of j and 18?
18
Let m(d) = -7*d - 57. Let o be m(-11). What is the highest common factor of o and 160?
20
Let o(c) = 2*c**2 - 8*c + 8. Let h be o(4). Let m be 44/(-3) - (-3)/(-9). Let k = m + 39. What is the highest common factor of k and h?
8
Suppose q - 28 = 3*a, -5*q + 3*a = -3*q - 47. Let d(x) = x**3 - 4*x**2 - 3*x + 3. Let k be d(6). What is the greatest common factor of k and q?
19
Let c = 5 + 0. Suppose -3*o + 28 = 2*w, -32 = -c*w - o + 25. Calculate the greatest common divisor of w and 99.
11
Suppose -k = 3*k + 4*b - 272, -5*k + b + 346 = 0. What is the greatest common factor of k and 23?
23
Let r(y) = y**2 + 6*y - 10. Let a be r(-8). Suppose -5*l + 2*s = -105, 1 - a = -s. What is the highest common factor of 92 and l?
23
Let j be 2/(-6)*30/(-2). Suppose 2*d + 0*l - 4*l - 136 = 0, -4*d = j*l - 285. What is the greatest common divisor of d and 10?
10
Let q be -2 + 17 - (-1 + 1). Calculate the greatest common factor of q and 5.
5
Suppose 2*c = -5*d + 6, c + 5*d - d - 3 = 0. Let t = -113 - -119. What is the greatest common factor of c and t?
3
Let f(b) = b**3 + 5*b**2 + 2*b - 4. Let t be f(-4). Let z(a) = a**2 - 3*a + 16. Let o be z(7). Calculate the greatest common divisor of t and o.
4
Suppose 2*u + 10 = 0, g + g + 3*u = -15. Let b be 12 + 7 - (3 + g). What is the highest common factor of 4 and b?
4
Let t = 5 - 1. Suppose 0 = 3*f - 4*f + t, -5*f - 4 = -3*j. What is the greatest common factor of 4 and j?
4
Let v = 153 + 1. Calculate the highest common factor of v and 22.
22
Let x be 11 + 2 + -1*1. Let t = 194 + -98. What is the highest common factor of t and x?
12
Suppose 8*g - 6*g = 20. Calculate the highest common factor of 50 and g.
10
Suppose f + 192 = 5*f. Suppose o + 2*t = f, 0*o = -3*o + t + 123. Calculate the greatest common divisor of o and 6.
6
Suppose 2*s - 48 = -s. Calculate the greatest common divisor of 4 and s.
4
Suppose y + 2*y - 432 = 0. What is the highest common factor of y and 16?
16
Let y = -4 - -4. Suppose y = i - 12. Calculate the greatest common divisor of 108 and i.
12
Suppose -r = -4*r - 5*c + 63, -15 = -5*c. Suppose -r = -p - p. Let g be 1*(-1 - (-13 + 0)). What is the greatest common divisor of g and p?
4
Let z be -1*(3 + -2)*-8. Let j(t) be the second derivative of -t**3/6 + 3*t**2/2 + t. Let u be j(-5). What is the highest common factor of z and u?
8
Suppose j + j = 106. What is the highest common factor of 159 and j?
53
Let a = 54 - 43. What is the greatest common divisor of 88 and a?
11
Let j = 38 - -26. Suppose -6 = -2*p + 4*z - 2*z, 5*p + 2*z + 13 = 0. Let h = p - -9. Calculate the highest common factor of h and j.
8
Suppose 3*n + 2*g - 32 = 47, 0 = 5*g - 25. Let o(h) = 57*h + 1. Let z be o(2). Calculate the greatest common factor of n and z.
23
Suppose r - 10 = -0*r. Let t = 35 - 25. What is the highest common divisor of t and r?
10
Suppose 3*i - 3 = 0, 6*i - 275 = -5*f + i. What is the greatest common divisor of 81 and f?
27
Suppose -5*x = -k - 496, -3*k + 150 = 2*x - 62. Suppose 2*y = y + 50. Let i = 70 - y. Calculate the greatest common factor of i and x.
20
Let w(r) = -r**3 - 6*r**2 - 7*r + 2. Let o be w(-6). Suppose 17 = -t + 5*z + 3, -9 = t - 4*z. Calculate the highest common divisor of o and t.
11
Suppose 2*w + w - 5 = -4*l, 5 = l - 3*w. What is the highest common divisor of l and 1?
1
Let i be 24 - (-3)/(3/2). Let b be ((-6870)/11)/(-3) - 12/66. Calculate the greatest common factor of b and i.
26
Let s(n) = -n**2 + 6*n - 5. Let p be s(5). Suppose -3*k - 5 = -26. Let z = p + k. Calculate the highest common factor of z and 28.
7
Let c be (-2)/(-9) + (-6)/27. Suppose c = 9*z - 5*z - 540. What is the greatest common factor of z and 15?
15
Let y(s) = -3*s - 7. Let a be y(-7). Let i(m) = -m + 3. Let b be i(-3). Let h = b - -64. Calculate the greatest common divisor of a and h.
14
Let g = 7 - 3. Suppose -5*n + 3*q + 155 = -2*q, -5*n + g*q = -158. Let a = -32 + 49. Calculate the highest common divisor of n and a.
17
Suppose -5*q = s - 3*s + 81, -q - 5 = 0. Suppose 2*p = -4*i + 27 - 11, 5*i - p = 20. What is the highest common factor of s and i?
4
Suppose 10 = 3*l + 3*y + 1, 0 = -4*l + 2*y + 42. Let x = 108 - 20. What is the highest common divisor of l and x?
8
Let c(z) = 45*z**2 - 2. Let b be c(2). Let y = b + -98. Let i be 4/(-6) + 98/3. What is the highest common divisor of y and i?
16
Let m(u) = 2*u**2 - 7*u - 2. Let a be m(4). What is the highest common divisor of 22 and a?
2
Suppose 2*s - 68 = -3*u, -5*u + s + 140 = 44. What is the greatest common factor of u and 1?
1
Let i(n) = -5*n - 12. Let o be i(-6). What is the greatest common factor of o and 72?
18
Let j be (-4)/(-2) + 6/3. Suppose 0 = j*t - 3*a - 1441, t - 4*a - 344 = -0*t. Suppose -49 = 5*d - t. Calculate the highest common divisor of d and 7.
7
Let s = 36 + -19. Calculate the highest common divisor of s and 136.
17
Let l = 141 + -124. Calculate the greatest common divisor of 153 and l.
17
Let j = 32 - 20. Suppose 0*d - 16 = -4*d. Suppose u + 4*u = -d*i + 260, -5*i + 316 = 4*u. Calculate the greatest common factor of j and i.
12
Suppose -3*k + 23 = -7. Let z = -2 + 2. Suppose b = 5*p - 50, -4*p + b = -z*b - 40. What is the highest common divisor of p and k?
10
Let b(i) = i**2 + 5*i - 3. Let z be b(-9). Suppose -2*u - u - 45 = -3*d, 2*u = -d + 30. Let a = z - d. What is the greatest common divisor of 117 and a?
13
Let g = -118 + 166. Calculate the highest common factor of g and 12.
12
Let u be (-3)/(38/20 + -2). Suppose v - u = -2*a - 3*a, 0 = 3*v - 2*a - 73. What is the highest common divisor of v and 5?
5
Let v = 8 - 5. Suppose 0 = -3*n + 2*y, 5*y - 3*y + 4 = 5*n. Suppose n*j - v = 31. Calculate the highest common divisor of 119 and j.
17
Suppose -3*q - 63 = -6*q. Let a = q + -12. What is the greatest common factor of a and 9?
9
Let w = 7 + -9. Let m be (-5628)/(-78) - w/(-13). What is the highest common divisor of 9 and m?
9
Let k = -2 - -8. Let m(g) = -g**3 + 6*g**2. Let z be m(k). Suppose 0*w + 4*w + y - 19 = z, 4*y = 3*w - 19. What is the highest common factor of w and 55?
5
Let p = 25 - 68. Let c = -26 - p. What is the greatest common divisor of 17 and c?
17
Let a(o) = 6*o + 3. Let l be a(6). Suppose c + 26 = 3*c. Calculate the greatest common divisor of l and c.
13
Let n = 2 + 9. Let b = -30 - -51. Let o = b - -23. Calculate the greatest common divisor of o and n.
11
Let t(g) = -31*g**3 - 2*g**2 - 3*g - 2. Let s be t(-1). Calculate the highest common factor of 15 and s.
15
Suppose -7*i = -11*i + 336. Calculate the highest common factor of 56 and i.
28
Let o(l) = -5*l**2 - l + 7. Let n(r) = 9*r**2 + 2*r - 13. Let x(y) = -6*n(y) - 11*o(y). Let v be x(4). Calculate the highest common factor of 65 and v.
13
Let h = -30 - -42. What is the highest common factor of h and 60?
12
Let b be ((-1)/2)/((-1)/4). Suppose -4*f - 24 = -4*l, 4*l = l + 15. Let o be (-60)/(-6) - (f - -5). Calculate the highest common divisor of o and b.
2
Let o be 4/(-10) - (-12)/5. Suppose 0 = o*i + 4*i - 48. What is the greatest common factor of i and 24?
8
Suppose -8*k = -11*k + 180. What is the highest common divisor of 15 and k?
15
Let x = 26 + -2. What is the greatest common factor of x and 96?
24
Let y be -2*(-2 - 37/(-2)). Let h = y - -15. Let k be 14/63 - 356/h. What is the highest common divisor of k and 10?
10
Suppose x + 112 = -x. Let k = 89 + x. Suppose 0 = 2*t + q - 21, -2*t = -5*q - 20 - 7. Calculate the greatest common divisor of t and k.
11
Suppose -t = -5*t + 352. Let h = t - 46. Let v be (-10 - -1)*4/(-6). Calcu